en u(-4) is divided by 17?
14
Let j be -4*(21/(-6) - 2). Let i be 4/((-8)/6) - 9. Let d = j - i. What is the remainder when 65 is divided by d?
31
Suppose 0 = -4*t + 6 + 2. Suppose -4*v + 36 = 6*b - b, 0 = t*v + b - 24. Calculate the remainder when 41 is divided by v.
13
Let k = 5 + 7. Let f = 8 + -5. Suppose 80 = f*w + 11. Calculate the remainder when w is divided by k.
11
Suppose 165*g - 166 = 164*g. What is the remainder when g is divided by 17?
13
Let u be 24/14 - (-2)/7. Suppose 4*s + m + 2*m = -327, -5*s = u*m + 407. Let c = s + 118. Calculate the remainder when c is divided by 10.
7
Suppose 4 = -s + g - 25, 4*s - 2*g + 122 = 0. Let x = s - -38. What is the remainder when 23 is divided by x?
5
Let z be -5*(24/20)/(-3). Suppose 0 = 2*t + 2*c - 10, -4*t - c = z*c - 18. What is the remainder when 27 is divided by (14/t)/((-2)/(-3))?
6
Suppose -129*i + 7628 - 4672 = -7880. Calculate the remainder when i is divided by 2/((-2)/68*-4).
16
Let k be 1 - (2 + 24/(-4)). Suppose -3*x = -k*x + 6. Suppose -x*n + 30 + 33 = 0. What is the remainder when n is divided by 8?
5
Let o(p) = 2*p**2 - 7*p + 6. Let d(i) = -10*i**3 + i**2. Let k be d(-1). Let x = -6 + k. Calculate the remainder when o(x) is divided by 12.
9
Let f(n) = -n**2 - 8*n - 29. Let d be f(-9). Calculate the remainder when 50 is divided by ((-19)/d)/(2/24).
2
Suppose n - 2*i + 3 = 0, 0*n - 5*n + 13 = 4*i. Let b(h) = -2*h + 3*h - n - 2 + 3*h**2 + 2. What is the remainder when 11 is divided by b(1)?
2
Suppose 5*z = 2*z - 2*q + 56, 4*q = -5*z + 96. Calculate the remainder when 75 is divided by z.
11
Suppose 0 = w + 3*w - 40. Suppose 26*b - 22*b = 4. What is the remainder when w is divided by ((-2)/b)/(-5 + 4)?
0
Let y = -41 - -82. Let f = 68 - y. Calculate the remainder when 161 is divided by f.
26
Let v(z) = -7*z + 87. Calculate the remainder when v(0) is divided by 22.
21
Suppose 6 - 27 = -7*i. Let j(q) = -q**2 + 8*q - 11. Calculate the remainder when j(i) is divided by 1.
0
Let f(v) = 5*v + 27. Let r be f(-5). Suppose 2 - 6 = -a, r*z - 3*a - 48 = 0. What is the remainder when 53 is divided by z?
23
Let y be 3 + 9 + -2 + -3. Let v = y - -6. What is the remainder when 48 is divided by v?
9
Suppose -48*f = 4166 - 39302. What is the remainder when f is divided by 35?
32
Calculate the remainder when (-116 + -3)*2/(2/(-1)) is divided by 10.
9
Suppose -5*j + 4*j + 5 = 0. What is the remainder when 35 is divided by (-36 - 2)*(-3 - j/(-2))?
16
Suppose -6*q = q - 91. Suppose q*s - 10 = 11*s. What is the remainder when 28 is divided by s?
3
Suppose -249*c + 286*c = 9065. Calculate the remainder when c is divided by 43.
30
Suppose -5*v + 440 = 6*v. Suppose 4*z + v = 96. What is the remainder when 16 is divided by z?
2
Let y = 14 - -7. Suppose d + 3*q - 9 = -2, 4*d = 2*q + 56. Suppose -3*u - d = -46. Calculate the remainder when y is divided by u.
10
Let u = -75 + 135. Suppose -3*i + 3*x = -u, 2*i - 40 = -x - 0*x. Let v(o) = 6*o**3 + o**2 + o - 1. Calculate the remainder when i is divided by v(1).
6
Let b(j) = j**2 - 32*j - 222. What is the remainder when b(42) is divided by 100?
98
What is the remainder when 164 is divided by -222*(-1)/4 - 23/46?
54
Let b(z) = 25*z + 10. Let v be b(2). What is the remainder when 35 is divided by (-6*(-1)/5)/(9/v)?
3
Let d = 40 + -20. Suppose 0 = d*q - 17*q - 42. Calculate the remainder when 80 is divided by q.
10
Let l be (96/(-20))/(6/(-20)). Suppose 537 = l*k - 279. Let d = -29 + 47. What is the remainder when k is divided by d?
15
Let n be -3 - (-8 - -6 - (1 - -55)). Let g = n - 39. Calculate the remainder when 111 is divided by g.
15
Let c(y) = 5*y**3 + 46*y**2 + 8*y + 2. Let i = 3 - 1. What is the remainder when c(-9) is divided by i?
1
Suppose 5*g + 5*u = 65, -2*g - g = u - 37. Suppose -h + 4*r = -3*h + g, 4*h - 3*r = 79. What is the remainder when h is divided by 11?
5
Suppose -7*x - 930 = -22*x. Calculate the remainder when x is divided by 51.
11
Suppose 5*b - 42 = 3*b. Let m = 25 - b. Let n = m - -3. Calculate the remainder when n is divided by 4.
3
Suppose 9 = -3*c + 5*b - 2, b = -2*c + 10. Suppose 8 = -f - 3*l, l - 4*l - 36 = -c*f. What is the remainder when 3/(-3) + 20*1 is divided by f?
5
Suppose -103*a + 154 = -96*a. Let o(p) = 16*p. Let c(x) = x**3 - 6*x**2 + 6*x - 1. Let u be c(5). What is the remainder when o(u) is divided by a?
20
Let r be 1598/18 + -1 + 33/27. Let l = r - 76. What is the remainder when 51 is divided by l?
12
Let t = -573 + 613. What is the remainder when t is divided by 21?
19
Suppose f + 5*q - 2*q + 3 = 0, 3*q + 39 = 3*f. Suppose 27 = 5*i - 8. Suppose i*p - 132 = 3*p. Calculate the remainder when p is divided by f.
6
Let c be 165/11*2/3. What is the remainder when 39 is divided by 426/30 + (-2)/c?
11
Let a(h) = -5*h + 25. Let k be a(-14). Let n = -81 + k. Calculate the remainder when n is divided by 8.
6
What is the remainder when 1 + (-1467)/(-9) + -3 is divided by 15?
11
Let n be 137/9 - 3/(81/6). Suppose 1 - n = -2*r. Calculate the remainder when r is divided by 5 - 2 - 0 - -2.
2
Let b(z) = 4*z**2 - z - 2. Let n be (-4)/(-16)*-9 - 2/(-8). What is the remainder when 59 is divided by b(n)?
11
Suppose 407 = -2*i - 3*d - 0*d, 591 = -3*i + 2*d. What is the remainder when i/(-4) - 57/76 is divided by 26?
23
What is the remainder when 83 is divided by (-7)/(42/(-540))*(-1)/(-2)?
38
Suppose 7*w = 5*w + 24. Suppose -64 - 2 = -3*h. Calculate the remainder when h is divided by (w/2)/(7/14).
10
Suppose -4*z + 49 + 71 = 0. Suppose -4*m + 3*x = -23, m = 6*m - 3*x - 25. What is the remainder when z is divided by ((-9)/(-18))/(m/32)?
6
Suppose 35*n - 12 = 37*n. Suppose v = -2*s - v + 26, 0 = -5*s + 5*v + 115. What is the remainder when s is divided by (-60)/9*9/n?
8
Let s be 0 - 4/2*-1. Suppose 14 = 3*f - c, 3*c - s*c + 11 = 2*f. Let d(y) = -2*y - 30. What is the remainder when f is divided by d(-16)?
1
Let f(g) = 2*g + 12. Let p be (-1 - -3)/((-1)/(-2)). Suppose -28 = -4*o + 5*s + 56, -s = -p*o + 68. Calculate the remainder when f(9) is divided by o.
14
Let i(x) be the second derivative of -x**4/12 + 5*x**3/6 + 3*x**2 - 29*x. What is the remainder when 18 is divided by i(3)?
6
Suppose 4*s - 46 = 2*x + 10, 5*x - 28 = -2*s. Calculate the remainder when 403 is divided by s.
11
Suppose -5*l + 4*y - 42 = -0*y, 5*y - 45 = 5*l. Let k(z) = -7*z - 1. Let u be k(l). Let b = u + -21. What is the remainder when b is divided by 11?
9
Let p(b) be the third derivative of 0 + 0*b + 1/120*b**6 + 2/15*b**5 + 1/6*b**3 - 5*b**2 - 1/12*b**4. Calculate the remainder when p(-8) is divided by 5.
2
Suppose 0 = 2*s + 4*p + 10, p - 2*p + 20 = -4*s. Let f = s + 29. Calculate the remainder when 95 is divided by f.
23
Suppose -22*a = -21*a - 36. Suppose -7*p = -10*p + a. Calculate the remainder when p is divided by 14/4*(1 - -1).
5
Let v = 28 - 0. Suppose p - v = -0*p. What is the remainder when 55 is divided by p?
27
Suppose -4*d = -3*j + 87, 4*j - 5*d - 128 + 12 = 0. What is the remainder when 148 is divided by j?
3
Suppose 0*v = 4*v - 16. Let f(u) = u**2 + 2*u - 4. Let p = 55 + -17. Calculate the remainder when p is divided by f(v).
18
Let y(d) = -d**3 + 37*d**2 + 2*d - 27. What is the remainder when y(37) is divided by 44?
3
Let j = 247 - 181. What is the remainder when 192 is divided by j?
60
Let y be 890/(-30) - 2/(-3). Let s = -16 - y. Calculate the remainder when 63 is divided by s.
11
Calculate the remainder when (-12)/(-9)*2109/76 is divided by 25.
12
Let m = -1199 + 1716. What is the remainder when m is divided by 52?
49
Let w = 11 + -8. Suppose g + 5*y = -9, 3*g + y + 38 = -w*y. Let t = 24 + g. What is the remainder when 37 is divided by t?
7
Calculate the remainder when (-1413)/(-12) - (-1)/4 is divided by 42.
34
Let x = -558 - -632. Calculate the remainder when 139 is divided by x.
65
Let n be 2/(-4) + (-54)/4. Let p = 4 + n. What is the remainder when 62 is divided by 12/p*35/(-2)?
20
Calculate the remainder when 230 is divided by (16/12)/((-1952)/984 + 2).
66
Let t be 2 - (3/3 + -91). Let h = 64 - t. Calculate the remainder when (-5)/(-7) - 8/h is divided by 1.
0
Let w = -8 - -15. Calculate the remainder when -21 + 495/22 + (-21)/(-2) is divided by w.
5
Suppose -400*a = -434*a + 1462. Calculate the remainder when a is divided by 7.
1
Let y(o) = o**2 + 